
3, 2077253
What are the prime factors of 7390517?
59, 229, 547
What are the prime factors of 36339217?
17, 37, 57773
List the prime factors of 347955.
3, 5, 23197
What are the prime factors of 6453101?
6453101
What are the prime factors of 962546?
2, 13, 37021
List the prime factors of 626778.
2, 3, 53, 73
What are the prime factors of 567548?
2, 23, 31, 199
What are the prime factors of 11103014?
2, 13, 427039
What are the prime factors of 332337?
3, 47, 2357
List the prime factors of 4719675.
3, 5, 62929
What are the prime factors of 89781?
3, 29927
What are the prime factors of 7166808?
2, 3, 11, 9049
List the prime factors of 17503.
23, 761
List the prime factors of 2354046.
2, 3, 29, 83, 163
List the prime factors of 1073328.
2, 3, 59, 379
What are the prime factors of 222967?
222967
List the prime factors of 370239.
3, 167, 739
List the prime factors of 858328.
2, 31, 3461
What are the prime factors of 1551637?
173, 8969
List the prime factors of 7128690.
2, 3, 5, 293, 811
What are the prime factors of 188097?
3, 7, 13, 53
List the prime factors of 901466.
2, 167, 2699
What are the prime factors of 16481876?
2, 1867, 2207
What are the prime factors of 458701?
458701
List the prime factors of 426971.
426971
List the prime factors of 24006449.
71, 338119
What are the prime factors of 3135876?
2, 3, 261323
What are the prime factors of 1633129?
1633129
List the prime factors of 233842.
2, 7, 16703
What are the prime factors of 1994438?
2, 997219
List the prime factors of 584266.
2, 292133
What are the prime factors of 207079?
207079
List the prime factors of 138708.
2, 3, 3853
List the prime factors of 1750307.
13, 134639
List the prime factors of 3795183.
3, 7, 107, 563
List the prime factors of 12015636.
2, 3, 1001303
What are the prime factors of 451902?
2, 3, 11, 41, 167
What are the prime factors of 81176?
2, 73, 139
List the prime factors of 15017980.
2, 5, 19, 39521
List the prime factors of 2658698.
2, 7, 17, 11171
List the prime factors of 972212.
2, 37, 6569
List the prime factors of 1530186.
2, 3, 7, 36433
List the prime factors of 2066084.
2, 516521
List the prime factors of 9763438.
2, 59, 97, 853
List the prime factors of 5472737.
61, 73, 1229
What are the prime factors of 239481?
3, 11, 41, 59
List the prime factors of 127086.
2, 3, 59, 359
List the prime factors of 391340.
2, 5, 17, 1151
What are the prime factors of 258846?
2, 3, 7, 6163
What are the prime factors of 10797329?
17, 37361
What are the prime factors of 296077?
19, 15583
List the prime factors of 15480912.
2, 3, 322519
What are the prime factors of 7079404?
2, 1769851
What are the prime factors of 11875415?
5, 67, 35449
What are the prime factors of 1593177?
3, 59, 9001
List the prime factors of 2169942.
2, 3, 503, 719
List the prime factors of 177265.
5, 11, 293
List the prime factors of 24479461.
1303, 18787
List the prime factors of 31308129.
3, 23, 151247
What are the prime factors of 2628?
2, 3, 73
List the prime factors of 490421.
490421
What are the prime factors of 337776?
2, 3, 31, 227
What are the prime factors of 12702941?
12702941
What are the prime factors of 961565?
5, 11, 17483
What are the prime factors of 787278?
2, 3, 131213
What are the prime factors of 625887?
3, 7727
List the prime factors of 38859757.
223, 174259
List the prime factors of 280486.
2, 59, 2377
List the prime factors of 6440951.
11, 53231
List the prime factors of 21981253.
7, 448597
What are the prime factors of 69479?
17, 61, 67
What are the prime factors of 2291803?
2291803
List the prime factors of 244633.
244633
What are the prime factors of 462939?
3, 154313
What are the prime factors of 628770?
2, 3, 5, 20959
What are the prime factors of 29447978?
2, 7, 17, 123731
List the prime factors of 6843717.
3, 47, 5393
List the prime factors of 593600.
2, 5, 7, 53
What are the prime factors of 173852?
2, 7, 887
List the prime factors of 16045375.
5, 23, 5581
What are the prime factors of 577838?
2, 311, 929
What are the prime factors of 5455318?
2, 11, 19, 31, 421
List the prime factors of 8150985.
3, 5, 31, 5843
List the prime factors of 955644.
2, 3, 97, 821
What are the prime factors of 11782103?
11782103
What are the prime factors of 856020?
2, 3, 5, 11, 1297
List the prime factors of 2141990.
2, 5, 23, 67, 139
What are the prime factors of 328150?
2, 5, 6563
What are the prime factors of 2197111?
7, 44839
What are the prime factors of 18166864?
2, 1135429
What are the prime factors of 1414?
2, 7, 101
List the prime factors of 387892.
2, 96973
What are the prime factors of 176885?
5, 17, 2081
What are the prime factors of 4274315?
5, 181, 4723
List the prime factors of 45334.
2, 19, 1193
What are the prime factors of 15502718?
2, 7, 11, 73, 197
List the prime factors of 8583923.
8583923
List the prime factors of 648029.
648029
List the prime factors of 10586054.
2, 769, 6883
What are the prime factors of 560733?
3, 311, 601
What are the prime factors of 1896056?
2, 89, 2663
List the prime factors of 119367.
3, 4421
What are the prime factors of 2559154?
2, 13, 98429
List the prime factors of 7547508.
2, 3, 31, 6763
What are the prime factors of 1651472?
2, 103217
What are the prime factors of 602231?
7, 227, 379
What are the prime factors of 21533?
61, 353
List the prime factors of 15924451.
19, 29, 28901
What are the prime factors of 108340?
2, 5, 5417
What are the prime factors of 182081?
41, 4441
What are the prime factors of 18424809?
3, 13, 157477
What are the prime factors of 13374028?
2, 167, 20021
List the prime factors of 15753291.
3, 5251097
List the prime factors of 1238615.
5, 7, 43, 823
List the prime factors of 1295834.
2, 647917
List the prime factors of 976015.
5, 195203
List the prime factors of 34059.
3, 11353
What are the prime factors of 12061?
7, 1723
List the prime factors of 13597031.
7, 1942433
What are the prime factors of 33785895?
3, 5, 11, 13, 19, 829
List the prime factors of 77996.
2, 17, 31, 37
List the prime factors of 7376684.
2, 7, 109, 2417
List the prime factors of 404337.
3, 53, 2543
List the prime factors of 161750.
2, 5, 647
List the prime factors of 18910.
2, 5, 31, 61
List the prime factors of 159614.
2, 7, 13, 877
List the prime factors of 992580.
2, 3, 5, 71, 233
What are the prime factors of 3156114?
2, 3, 13, 43, 941
What are the prime factors of 135647?
135647
What are the prime factors of 250637?
53, 4729
What are the prime factors of 2065402?
2, 1032701
What are the prime factors of 3142093?
17, 184829
What are the prime factors of 1779174?
2, 3, 97, 1019
List the prime factors of 23845434.
2, 3, 23, 67, 2579
List the prime factors of 30075995.
5, 6015199
List the prime factors of 379862.
2, 7, 43, 631
What are the prime factors of 6712597?
1373, 4889
List the prime factors of 654150.
2, 3, 5, 7, 89
List the prime factors of 230162.
2, 157, 733
What are the prime factors of 2034446?
2, 149, 6827
List the prime factors of 2283204.
2, 3, 7, 11, 353
What are the prime factors of 23612895?
3, 5, 524731
List the prime factors of 143067.
3, 103, 463
What are the prime factors of 231913?
11, 29, 727
What are the prime factors of 185794?
2, 7, 23, 577
What are the prime factors of 17580570?
2, 3, 5, 7, 83717
List the prime factors of 109723.
113, 971
List the prime factors of 3227239.
3227239
List the prime factors of 317712.
2, 3, 6619
List the prime factors of 5248215.
3, 5, 7, 16661
What are the prime factors of 13729?
13729
List the prime factors of 1575048.
2, 3, 29, 31, 73
List the prime factors of 1053495.
3, 5, 41, 571
What are the prime factors of 312338?
2, 13, 41, 293
List the prime factors of 192214.
2, 11, 8737
What are the prime factors of 80461?
17, 4733
List the prime factors of 16905729.
3, 5635243
List the prime factors of 828125.
5, 53
List the prime factors of 20710270.
2, 5, 7, 295861
List the prime factors of 787292.
2, 11, 29, 617
List the prime factors of 2443709.
509, 4801
What are the prime factors of 3675704?
2, 459463
What are the prime factors of 23307263?
7, 3329609
What are the prime factors of 4030757?
4030757
List the prime factors of 9037651.
7, 383, 3371
What are the prime factors of 228951?
3, 25439
List the prime factors of 275381.
113, 2437
List the prime factors of 111183.
3, 37061
List th